ose 0 = 55*p - 70*p + 56*p - 507375. Is 55 a factor of p?
True
Suppose -3*k + 24 = 3*k. Suppose 570 = -2*c + 6*l - k*l, -575 = 2*c - l. Let q = -169 - c. Is q a multiple of 15?
False
Let v(o) = -5*o + 1677. Let x be v(0). Suppose 4*j = -269 + x. Suppose 3*m + k + 46 - j = 0, -3*m = -k - 300. Is 39 a factor of m?
False
Suppose -2*k + 396 = 5*v, 8*k = 3*v + 5*k - 225. Is 73 a factor of -3 + 13/(v/1332)?
True
Let b be (30/(-60))/(2/16) + 708. Let c = 784 - b. Is 10 a factor of c?
True
Suppose -m + 3*m = -4*r, 3*m = -5*r - 1. Let a(k) = -8*k - 9. Let l be a(m). Suppose -2*w + l*w = 240. Is w a multiple of 24?
True
Let g = -276 - -521. Suppose -21*a = -1253 + g. Does 19 divide a?
False
Is (2640/(-75))/(8/(-240)) a multiple of 24?
True
Let p(t) = 609*t**2 + 100*t - 88. Does 15 divide p(5)?
False
Let w = 8021 + -5851. Is w a multiple of 155?
True
Let v(s) = -s**2 - 22*s - 26. Let a be v(-21). Let d(i) = -3*i**3 - 8*i**2 - 5*i - 8. Let n be d(a). Let m = -48 + n. Is m a multiple of 18?
True
Suppose n - 9 = 2*w, n - 24 = 2*w + 3*n. Let t(l) = -11077*l - l**3 - 14 + 11066*l - 6*l**2 - l**2. Does 30 divide t(w)?
False
Let s(u) = -u + 1. Let h be s(-4). Let q(t) = 9*t**2 + 22*t**2 + 10*t**2 - 45*t**2 - 14*t + 12*t**2 + 10 - t**3. Is q(h) a multiple of 3?
True
Let a(g) = -6*g + 3. Let i be a(-9). Let q = 195 - i. Suppose 3*r = -3*l + q, -3*l - 47 - 223 = -5*r. Is r a multiple of 22?
False
Let v = -25 - -46. Suppose 3*t + 2 = -2*h - 1, 4*t + v = 3*h. Suppose h*l - 7*l = -116. Does 17 divide l?
False
Suppose -303*r + 1963360 + 4431290 = 142*r. Does 5 divide r?
True
Let a(n) = n**3 - 11*n**2 - 3*n - 8. Suppose -2*p - 48 + 72 = 0. Is 4 a factor of a(p)?
True
Let j be 69/3*(-3 - (0 - 4)). Suppose -17*m + j*m - 2592 = 0. Is m a multiple of 24?
True
Let k(f) = 24*f**2 + 22*f - 102. Does 5 divide k(-22)?
True
Suppose t + 45 - 41 = 0, -4*q = -2*t - 11288. Does 60 divide q?
True
Let h(s) = -14*s**3 + 11*s**2 + 4*s - 201. Does 181 divide h(-9)?
True
Suppose 2*c - 7 = 3*q, -2*q + c + 9 = -3*q. Does 11 divide (-111)/(-4)*q/(90/(-48))?
False
Let u = 204 - 201. Suppose z + 99 = 5*z + u*g, -2*g = -z + 22. Is z a multiple of 2?
True
Let j = 1 + 0. Suppose i - j = 2*i. Is 10 a factor of (-1)/(1/(-125) - 0) + i?
False
Let q(a) = 58*a**2 + 25*a + 284. Does 158 divide q(-9)?
False
Let d = -1489 + 1953. Does 25 divide d?
False
Suppose 0 = -2*s - 3*d - 178, -3*s + 23*d = 26*d + 270. Let r = 250 - s. Is r a multiple of 18?
True
Let w = -41 + 44. Suppose -z + 5*k + 701 = 0, -z - w*k - k + 719 = 0. Suppose -4*t - 4*g = 27 - z, 0 = t - 3*g - 159. Is 14 a factor of t?
True
Let n = -8 - -20. Let b(u) = -u**2 + 13*u + 3. Does 3 divide b(n)?
True
Suppose -r - s + 602 = -3925 - 639, 0 = s. Is r a multiple of 123?
True
Let l = -2247 + 2589. Let n(f) = 3*f**3 + 4*f**2 + 2*f - 5. Let j be n(5). Let u = j - l. Is 29 a factor of u?
False
Let m(v) be the second derivative of 27*v**4/4 - v**3 + 2*v**2 + 2*v - 31. Does 3 divide m(1)?
False
Let w(x) = 5*x**3 - 13*x**2 + 2*x + 31. Let q(s) = -6*s**3 + 14*s**2 - s - 32. Let u(c) = 4*q(c) + 5*w(c). Let j be u(10). Let i = 283 - j. Is 9 a factor of i?
False
Let f(v) = 169*v**2 + 52*v + 18. Is 52 a factor of f(8)?
False
Suppose 67777*n - 67787*n + 149960 = 0. Is 23 a factor of n?
True
Let a be 4/2 + (-2)/8*0. Suppose 0 = a*r + 75 - 383. Is 12 a factor of r?
False
Suppose 21*t + 6*t - 56970 = 0. Is 28 a factor of t?
False
Let n be (16/(-6) + 2)*3. Let w be ((-15)/n)/(15/(-20)). Let h(y) = y**2 - 3*y - 2. Does 32 divide h(w)?
True
Suppose 10 = 3*r + 10. Suppose 4*d + 5*d - 2907 = r. Is d a multiple of 17?
True
Let o(l) = l**3 + 3*l**2 - l + 6. Let j be o(-4). Let u(g) = -6*g - 28. Let z be u(j). Suppose 4*h - 172 = -4*i + z*h, -5*h = 10. Is 27 a factor of i?
False
Let l be (-10770)/(-135) - (-2)/9. Suppose 28 = -4*m - 84. Let h = l - m. Does 18 divide h?
True
Suppose 0 = 7*w - 31 - 25. Let c(p) = p**2 + 19*p - 12. Let m be c(w). Let d = 306 - m. Is 20 a factor of d?
False
Let c be 1760/18 + 20/90. Let m = 90 - c. Is (1*m)/(-1 + -1) - -27 a multiple of 5?
False
Suppose 3*m - 23584 = -4*l, 0 = -3*l + 5*m - 7*m + 17689. Is l a multiple of 18?
False
Let j(l) be the second derivative of 41*l**3/6 + l**2/2 - 10*l. Let s be j(1). Is ((-20)/(-12) - 1)/(2/s) a multiple of 14?
True
Let l(y) = 40*y - 3. Let b be l(0). Is ((-8304)/(-36))/(b/(-18)) a multiple of 106?
False
Let x(m) = m**3 + 8*m**2 + 9*m - 3. Let p be x(-3). Suppose 8*u = p*u - 2345. Does 30 divide u?
False
Suppose -o = -5*y + o + 211, -5*o = -2*y + 97. Let m(f) = -4 - y*f + 6 - 4 + 12*f**2 + 40*f. Is 22 a factor of m(2)?
True
Let q(c) = -780*c + 43. Let p be q(-2). Let d = p + -931. Is d a multiple of 24?
True
Is 3 a factor of (-48)/(-3) + -8 + 2483?
False
Let o = 18529 - 1759. Does 15 divide o?
True
Let k(p) = -p**2 - 10*p - 24. Let l be k(-5). Is 12 a factor of (-1 - (1 - l)) + 193?
True
Is 6 a factor of (33867/36)/(((-25)/20)/(-5))?
False
Suppose 98*r - 158045 = 106261. Is 5 a factor of r?
False
Let z(w) = 28*w + 35 + 3*w + 8 + 3. Does 30 divide z(14)?
True
Let j be (-2)/13 + (-70480)/(-130). Suppose -3*k = -0*p + 4*p + 400, -j = 4*k + p. Let m = k - -253. Does 17 divide m?
False
Suppose -258*b = -255*b - 4*i - 10734, 0 = 7*b - 4*i - 25062. Is b a multiple of 3?
True
Suppose -50*m - 208268 + 704118 = 0. Is m a multiple of 35?
False
Suppose 0 = -3*p - l + 4, -4*l + 6 - 23 = p. Let x = 10 - p. Suppose 13*f - 1248 = x*f. Is 48 a factor of f?
False
Let z(n) = 16*n**2 - 7*n + 11. Is 14 a factor of z(-10)?
False
Let a = 1 + 2. Suppose -j = -5 - a. Suppose 25 = r + j. Is r a multiple of 17?
True
Suppose -3*q = -8*q. Let v be (70/(-5 + 4))/((-15)/30). Suppose q = 2*d - 9*d + v. Is 10 a factor of d?
True
Suppose 4*a + r = 2947, -32*a - 3*r - 1463 = -34*a. Is a a multiple of 23?
True
Let p = 52 - 39. Suppose -2*r - d = 2*d - p, -2*d - 18 = -4*r. Suppose -r*m + 132 = -m. Is 11 a factor of m?
True
Let g(s) = -6*s**3 - 16*s**2 - 102*s + 4. Is g(-5) a multiple of 36?
True
Let q(i) = -i**2 + 22*i + 2. Let a be q(20). Does 7 divide (-5427)/6*(-28)/a?
False
Let t be (-2)/(-3) - (847/(-21) + -3). Let c = t - 44. Suppose 2*n - 214 = 2*h, -112 = -n - c*h - 4*h. Is 27 a factor of n?
True
Suppose -44*g + 76089 - 32934 = -200121. Is g a multiple of 97?
True
Suppose 2*r - n + 10 = -5*n, 5 = -2*r - 3*n. Suppose -4*z = 5*a - 833 - 821, -1674 = -r*a + z. Let y = a + -238. Is 12 a factor of y?
True
Let a(o) = -37*o**3 + 4*o**2 + 4*o + 9. Let v(n) = 38*n**3 - 6*n**2 - 4*n - 11. Let y(j) = -5*a(j) - 4*v(j). Is 9 a factor of y(2)?
False
Suppose -q + 35 = 3*h, -4*q - 3*h + 17 + 87 = 0. Let z(s) = -s**2 - 12*s + q + 15*s**2 - s**3 - 3. Is z(12) a multiple of 24?
False
Is (30 + -32)*(-36 - (-12)/3) a multiple of 8?
True
Suppose 2*f = -4*w + 40, -4*w + 0*w = 4*f - 48. Let h be ((1524/15)/(-2))/((-12)/660). Suppose h - 202 = w*r. Is 27 a factor of r?
True
Does 183 divide (4593666/(-693))/(4/(-18))?
True
Suppose 8*g - 27833 = -4705. Is 23 a factor of g?
False
Let j be (-21)/(-4) + 81/108. Suppose j*b - 9*b = -5*l - 2968, -b + l + 992 = 0. Does 64 divide b?
False
Suppose 0 = -t - 9*u + 12*u + 10929, u - 32757 = -3*t. Suppose 22*n - 8*n = t. Is 52 a factor of n?
True
Let g = -39 - -14. Let h = 28 + g. Suppose -h*y + 30 = 3*a, 3*y = -5*a + 57 + 1. Does 2 divide a?
True
Suppose 0 = 2*k - 5*k + 2*k. Suppose -2*y + 10 = 2*v + 2, 3*y + 3 = k. Suppose d = -g + 117, 0 = -2*g + v*d - 14 + 213. Is g a multiple of 17?
False
Let l(t) = -17*t**2 - 15*t + 5. Let r(m) = m**3 - m**2. Let z(c) = l(c) - r(c). Let h be z(-15). Suppose -h*v = 10, -d = 5*v - 17 - 36. Is 9 a factor of d?
True
Suppose 17*q + 12*q = -3741. Let u be (-2006)/8 - (-5)/(-20). Let b = q - u. Is 26 a factor of b?
False
Is 7 a factor of (((-7)/(-14))/1)/((-51490)/17164 - -3)?
True
Suppose 271*u - 288*u + 379950 = 0. Does 15 divide u?
True
Let f = -49 - -67. Let z = f + -30. Does 3 divide 1*4 + (-4 - z/2)?
True
Let k(w) = 2*w**3 + w**2 - 1. Let s be k(1). Let a be (s - 62)/((-30)/20). Suppose -2*u + 164 = -m, 3*m - 108 + a = -u. Does 20 divide u?
True
Suppose 651 + 3349 = 25*p. Let k = p - -35. Does 29 divide k?
False
Let u(y) = 3*y - 2. Suppose 0 = -4*i + 7*i - 30. Let k be 15/(5/i - -1). Does 12 divide u(k)?
False
Let n = -1 - -2. Let f(l) = 602*l**3 - 2*l**2 + 5*l - 3. Let 